of t?
4
Let t(x) = x**3 - 4*x**2 - 4*x + 3. What is the units digit of t(5)?
8
Suppose -12 = -3*s, -2*m + 2*s + s + 170 = 0. Let h = -57 + m. What is the tens digit of h?
3
Let n = 20 + -15. Suppose 20 = 4*c, -n*s = -2*s - 4*c - 25. What is the units digit of s?
5
Let j be (-6)/(-8) - 20/(-16). What is the tens digit of 11/(j/(-3) + 1)?
3
Let m(k) be the first derivative of -k**3/3 - 11*k**2/2 - 5*k + 4. What is the units digit of m(-7)?
3
Let i = 101 + -23. Suppose -x - i = -4*x. What is the units digit of x?
6
Let i(u) = -u - 1. Let d(x) = -5*x - 1. Let l(m) = d(m) - 6*i(m). Suppose 16 = 2*b + 2. What is the units digit of l(b)?
2
What is the hundreds digit of (7*4/42)/((-2)/(-849))?
2
Let a(w) = 46*w - 6. What is the tens digit of a(2)?
8
Let k(r) = r + 4. What is the units digit of k(-2)?
2
Let r(g) = -g**3 + 6*g**2 + 9*g - 4. What is the units digit of r(6)?
0
Let k(v) = 2*v**2 - 4. Suppose -5*j - 17 = 2*t - 4*t, 2*j + 9 = 3*t. What is the units digit of k(j)?
4
Let n(c) = -4*c**3 + 2*c + 1. Let i be n(-1). Suppose -1 = -k + i. What is the units digit of k?
4
Let l = 10 + -6. What is the units digit of 3/(-2)*(-32)/l?
2
What is the tens digit of (-3 - -4)/(2/30)?
1
What is the hundreds digit of (-5)/(10/(-8)) - -138?
1
Suppose 2 - 8 = n. What is the units digit of (-9)/n*(0 + 14)?
1
Let x = -93 - -163. What is the units digit of x?
0
Let z(g) = 5 + 3*g**2 - 1 + g - 4*g + 4. What is the units digit of z(4)?
4
Suppose -2*c + 264 = 4*r, 5*r - 204 - 59 = -2*c. What is the hundreds digit of c?
1
Let u = 539 - 354. What is the units digit of u?
5
Suppose 4*m - 4 = 2*m. Suppose 0 = d + 4, 0 = -h - 3*d - 7 - m. What is the units digit of h?
3
Let b(x) = -x + 18. Let m be b(12). Let t be (-2)/m*1*-3. What is the units digit of -2*(6 - t)*-1?
0
Suppose 4*k = 9*k - 25. What is the units digit of k?
5
Let j be -3 + (-6)/(-1) - -1. Suppose j*b = b + 51. What is the units digit of b?
7
Suppose -98 = -2*l + 2*z, -2*l + 93 = 4*z - 5. What is the units digit of l?
9
Let v be (-3 - -5 - 2)/(-2). Suppose v = 4*n - 3*q - 130, -2*n + 6*n + 4*q - 144 = 0. What is the tens digit of n?
3
Suppose -3*o + 5*o = 88. Suppose 0 = 5*v - 4*u - 2 - 18, 3*v + 4*u - o = 0. What is the units digit of v?
8
Suppose 4*k - 2*k - 292 = 2*h, -k + 4*h = -158. What is the tens digit of k?
4
Let j = 165 - 61. Suppose 0 = -2*i + 6*i - j. What is the tens digit of i?
2
Let c(y) = y. Let d = 2 + 7. What is the units digit of c(d)?
9
Suppose -6 = -5*r - 3*k, -2*r = 2*r - 5*k - 27. Suppose 3*g - 15 = r. What is the units digit of g?
6
Suppose 3*t - 10 - 2 = 0. Suppose t*x + 2*k = 14, 3*x - x = -3*k + 1. Suppose 7*l = 2*l + x. What is the units digit of l?
1
Suppose 77 = 3*w - 2*w - 2*a, 3*a - 352 = -4*w. What is the units digit of w?
5
Let g(q) = 44*q. Suppose -4*m + 3*j + j = 12, 3*m = -4*j + 5. Let n be g(m). What is the units digit of (-2)/(-4) - n/8?
6
Let u = -12 + 9. Let x be (-18)/2 - u/1. Let o = x - -15. What is the units digit of o?
9
Let u be (1 + -1)/(-5 - -3). Suppose x + u*x - 13 = 0. What is the tens digit of x?
1
Suppose -6*q + r + 1330 = -q, 805 = 3*q - 2*r. What is the tens digit of q?
6
Let a(o) = o**3 - 5*o**2 + 2*o - 6. Let u be a(5). Let b(r) = -r**3 - 8*r**2 - 9*r - 8. Let d be b(-7). Suppose d*w - 18 = u*w. What is the units digit of w?
9
Let h(a) be the second derivative of -a**5/2 - a**4/12 + a**3/6 + a**2 + 3*a. What is the tens digit of h(-1)?
1
Suppose 255 = -41*w + 44*w. What is the tens digit of w?
8
Let a(f) = f**2 + 5*f + 4. Let h be a(-5). Suppose h*k + 2 = 5*k. Suppose -3*n + 36 = -3*p, -k*n + 3 = -n + 2*p. What is the units digit of n?
9
Suppose 2*a = 3*y + 28, 5*y - 3*y + 30 = 2*a. Let b = -13 + a. What is the units digit of b?
4
Suppose -2*m = 3*m - 20, 0 = 5*i - 5*m - 200. What is the tens digit of i?
4
Let g(p) = p**3 + 11*p**2 - 13*p - 4. Let s be g(-12). Suppose -4*w + 7 = -5. Suppose -2*k = -w*k + s. What is the units digit of k?
8
Suppose -11 - 20 = -z. What is the tens digit of z?
3
Suppose 3*c - 20 = -c. Suppose -c*w + 60 = -0*w. Let k = 24 - w. What is the units digit of k?
2
Let s = 3 - 5. Let y = -3 - 1. What is the units digit of y/(-2)*(-3)/s?
3
Suppose w = -2*p + 8 - 4, 8 = -4*p + 2*w. Let a = p - -3. Suppose 3*u - 51 = -4*y, -u - a + 8 = 0. What is the units digit of y?
9
Suppose -4*j + 3 = -5. Suppose 0 = -r - 1 + 4, 70 = 4*g - j*r. What is the units digit of g?
9
Let w(c) = 2 - 1 - 2 + 6*c + 5. What is the units digit of w(5)?
4
Let o be 3 + 2/1 + -1. Suppose -4*f + 78 = j, -j + 8 = -o*f + 90. What is the units digit of 228/f + 2/(-5)?
1
Let z = 132 + -64. Suppose -3*l = 2*w - 28, 0 = 4*l + 4*w - 9*w - z. What is the units digit of l?
2
Let k(z) = -z**2 + 8*z + 10. What is the tens digit of k(8)?
1
Suppose -l + s = -2*s - 2, l = -5*s + 2. Suppose -l*h = -21 - 1. What is the tens digit of h?
1
Suppose -2 = d - 0*d. Let r = 2 + d. Suppose -5*k = -4*h - 6 + 1, h = r. What is the units digit of k?
1
Let v be (-2 + 1 - -1) + 1. Let a be (-1 + v)/(-5 - -3). Suppose -4*i - c + 2 = -18, i + 4*c - 20 = a. What is the units digit of i?
4
Let b = -171 + 386. What is the hundreds digit of b?
2
Suppose 3*t = -5*o, -4*o + t + 17 = -0*o. Suppose 0*s = -o*s, s - 16 = -2*p. What is the units digit of p?
8
Suppose -5*p + 0*p = 5*f - 15, 0 = -3*p + f + 9. Suppose -4*u + 18 = 3*q - q, -2*u + 23 = p*q. What is the units digit of q?
7
Let y be (-25 + -2)/3*-1. Suppose 3*f = -0*f - y. Let l = f + 12. What is the units digit of l?
9
Let m = -31 - -68. What is the tens digit of m?
3
Let r(l) = -9*l**2 + l + 14. Let u(m) = -6*m**2 + m + 9. Let k(i) = 5*r(i) - 8*u(i). Let o be k(-3). Suppose 4 - o = -5*p. What is the units digit of p?
6
Let p(k) = 12*k. Let t be p(1). Let c be ((-18)/(-10))/(t/40). What is the units digit of (3 + (-15)/9)*c?
8
Suppose -5*a = -2*a - 9. What is the units digit of (-19)/((9/(-6))/a)?
8
Let v(d) = d - 7. Let x be v(8). Let r(c) = -2*c**2 + 3*c**2 + x + 6. What is the units digit of r(0)?
7
Let j = 115 - 62. What is the units digit of j?
3
Let m(z) = 2*z - 2*z - 4 - z. What is the units digit of m(-6)?
2
Let d(c) be the first derivative of -2*c**2 - 10*c - 3. What is the units digit of d(-7)?
8
Suppose 15 = 3*l - 2*l. Suppose 3*n - 4*n = -l. What is the units digit of n?
5
Let k(h) = -h**3 + 9*h**2 - 8*h - 4. Let r be k(8). Let j = r + 7. What is the units digit of 8/(-3)*-3 + j?
1
Let t = 8 + -26. Suppose -5*u + 0*u = -140. Let c = u + t. What is the units digit of c?
0
Suppose -2*m - o = -225 - 231, -4*o - 673 = -3*m. What is the tens digit of m?
2
Suppose 7*w - 70 = 2*w. Let i = 18 + w. What is the units digit of i?
2
Suppose 6*q = 22 + 68. What is the units digit of q?
5
Let d = -2 - -4. Suppose 0 = -3*y - 4*s - 29, -y + d*s = 6*s + 23. What is the units digit of (-8 + 5)/(y/4)?
4
Suppose 5*u - 3*u - 51 = -y, 63 = 2*u + 5*y. What is the units digit of u?
4
Let r = 5 - 8. Let y be 2 + 1*(r + 1). Suppose y = 2*j - 5*j + 27. What is the units digit of j?
9
Let b(u) = u**3 - u + 1. Let l be b(-2). Let n = -2 - l. What is the units digit of 1/n - (-78)/9?
9
What is the units digit of ((-812)/(-12) + -2)*3?
7
Let o(y) = 17*y - 1. Let f be o(1). Suppose -5*m + f = -3*m. What is the units digit of m + -1 - (3 + -2)?
6
Let j be (1 + -2)*-32 - 2. Suppose 0*g = -3*g + j. What is the tens digit of g?
1
Let r be (6 + 1)*12/14. Suppose -4*k = -r - 10. Suppose 0 = 3*i - k*i + 9. What is the units digit of i?
9
Let y(b) be the third derivative of b**6/60 + b**5/60 - b**3/6 - 2*b**2. Let q be y(-1). What is the units digit of 2 - (q/(-1) - 4)?
4
Suppose -31*u - 1854 = -40*u. What is the units digit of u?
6
Let z(x) = 2*x - 5. Let a be z(4). Suppose 2*g + 1 = -0*w - w, 2*w - 19 = a*g. What is the units digit of w/(1 - (-2 + 2))?
5
Let j(l) = 8*l + 2. Let v(q) = 16*q + 5. Let x(n) = -7*j(n) + 3*v(n). What is the units digit of x(-1)?
9
Let v = 1 - 0. Let q(k) = 4*k**3 - 1. What is the units digit of q(v)?
3
Let b = 42 + 6. What is the units digit of b?
8
Suppose 10*f - 5*f = 4*l - 95, -3*l + 3*f + 72 = 0. What is the units digit of l?
5
Suppose -2*c = 3*a + 4, 5*a - 2*c + 5 = -5*c. Suppose -a = 2*p - 8, 5*w + p - 123 = 0. What is the units digit of w?
4
Let g(b) be the third derivative of b**3/6 - b**2. Let r(z) = -z - 7. Let t(o) = 6*g(o) -